 -22425 - -102434?
40005
In base 4, what is -1221 - -1332031?
1330210
In base 14, what is 1988c - -1165?
1aa13
In base 4, what is -3021012021222 - 2?
-3021012021230
In base 16, what is -39723e3 - -3?
-39723e0
In base 12, what is 9818 + -21b?
95b9
In base 5, what is -1124 - -212001230?
212000101
In base 11, what is -20162 - -54?
-20109
In base 15, what is -6542d7 - 3?
-6542da
In base 2, what is -11101010110111010011101 + 100?
-11101010110111010011001
In base 4, what is -320230 - 113231?
-1100121
In base 4, what is -1031 + 2102110222?
2102103131
In base 13, what is -1b - 6381?
-639c
In base 16, what is 4 + -45f4b?
-45f47
In base 7, what is -63633 - -623?
-63010
In base 15, what is 9 + -238e605?
-238e5eb
In base 11, what is 68 - -19612?
1967a
In base 10, what is -2 + -40759663?
-40759665
In base 5, what is 243031 - 20232?
222244
In base 13, what is -10524 + -22a?
-10751
In base 8, what is -27162731 + 1?
-27162730
In base 8, what is -42 + -110317715?
-110317757
In base 4, what is 13210120 - 2300131?
10303323
In base 13, what is -55988 - 103?
-55a8b
In base 10, what is -8262855 - 11?
-8262866
In base 11, what is 48784 + 140?
48914
In base 13, what is 97118b7 - -2?
97118b9
In base 8, what is 252042 + 340?
252402
In base 3, what is -2110212112011220 - -10?
-2110212112011210
In base 8, what is 12321 - -1142?
13463
In base 8, what is -12 - -7511663?
7511651
In base 5, what is 2132 + -32342143?
-32340011
In base 6, what is 1350423104 + -3?
1350423101
In base 16, what is 19bfa + -623?
195d7
In base 7, what is 10 + 245643236?
245643246
In base 16, what is -7ddd - 1e?
-7dfb
In base 13, what is 4 + 252cbb4?
252cbb8
In base 3, what is 102 + 2110102121111?
2110102121220
In base 8, what is -155031 - -30?
-155001
In base 10, what is -11429 - -719?
-10710
In base 3, what is 11012 + 10110101011001?
10110101022020
In base 10, what is 51 - -5301732?
5301783
In base 12, what is 20 - -46a18?
46a38
In base 7, what is -153 - -4346123?
4345640
In base 12, what is 0 + 82a110?
82a110
In base 7, what is 36 + -12242361?
-12242322
In base 3, what is 11022111211122201 - -12?
11022111211122220
In base 13, what is 110630 - a3?
11055a
In base 8, what is -3 - -14651766?
14651763
In base 10, what is -5 - -4307233?
4307228
In base 10, what is 149352546 - 2?
149352544
In base 4, what is 20302023 + -32232?
20203131
In base 9, what is -1403 - 4144?
-5547
In base 12, what is -1470 - -b361?
9ab1
In base 7, what is -3 - -6061604416?
6061604413
In base 16, what is 87c - -219?
a95
In base 10, what is -3652 + -72659?
-76311
In base 2, what is 110011 - 100111010011001111100?
-100111010011001001001
In base 10, what is 11 + -1871788?
-1871777
In base 14, what is 2 - d88d76?
-d88d74
In base 11, what is 24a584707 + 1?
24a584708
In base 6, what is -23343 + 12255?
-11044
In base 3, what is -220211 + -110120200?
-111111111
In base 3, what is -12 - 1210211011120012?
-1210211011120101
In base 3, what is -10011022021120 + -2110?
-10011022101000
In base 2, what is -100100001011000000110000011 - 101?
-100100001011000000110001000
In base 12, what is 5969 - 2928?
3041
In base 10, what is 1 + 42333736?
42333737
In base 15, what is 20 - 2242ae?
-22428e
In base 12, what is -a15a126 + -5?
-a15a12b
In base 16, what is 16 - 21515a?
-215144
In base 11, what is -53237a - -2?
-532378
In base 7, what is 34 - -105444630?
105444664
In base 13, what is -66a + -15364?
-15a01
In base 5, what is 10 + 14331123313?
14331123323
In base 5, what is 1211 + -11420403?
-11414142
In base 12, what is -3206582 - -54?
-320652a
In base 2, what is 111000 + 11010001000000100?
11010001000111100
In base 10, what is 332 + 16223?
16555
In base 15, what is 26 + 1509e?
150c5
In base 5, what is 23020312 - -4214?
23030031
In base 11, what is 50 - -108124?
108174
In base 8, what is 15117 + 53701?
71020
In base 15, what is 13d37 - -7?
13d3e
In base 15, what is -1a7 + -9d87?
-a03e
In base 15, what is -3 - 7b10c2?
-7b10c5
In base 8, what is 10063 - 264771?
-254706
In base 5, what is -1103013011 - -10?
-1103013001
In base 12, what is -666867b0 + -5?
-666867b5
In base 11, what is 119 - 8515?
-83a7
In base 5, what is -30 - -2320314242?
2320314212
In base 9, what is -6 + 6463781?
6463774
In base 10, what is 176 + 2020439?
2020615
In base 15, what is -196d + -47e8?
-6266
In base 7, what is -14550621 - 114?
-14551035
In base 14, what is 1c87255c - -3?
1c872561
In base 16, what is 18 + -da05a6?
-da058e
In base 5, what is -4 + 13240123220?
13240123211
In base 3, what is -10210222 - -1010222?
-2200000
In base 3, what is -20020 - 2212002212212?
-2212010010002
In base 2, what is 1000100011 + 10000001010001100?
10000010010101111
In base 11, what is -25 - -10a5470?
10a5446
In base 14, what is -469 + 617c?
5b13
In base 13, what is a03 - 17a7?
-aa4
In base 3, what is -20010200101 - -20010?
-20010110021
In base 12, what is 9 + 1243961?
124396a
In base 13, what is 4976744 + -5?
497673c
In base 15, what is -2acbd2 + a?
-2acbc7
In base 14, what is -535c729 - 5?
-535c730
In base 11, what is 79 - 7771?
-76a3
In base 4, what is -12 - 132312?
-132330
In base 12, what is 523 - 1452a2?
-14497b
In base 10, what is -40948948 - 4?
-40948952
In base 3, what is 10012202000 - -2110222?
10022012222
In base 8, what is -210 - -23100?
22670
In base 13, what is -279 + -4ca51?
-4ccca
In base 13, what is -349 - 7665c?
-769a8
In base 10, what is -2 - -42035085?
42035083
In base 5, what is -33320 + -1234133?
-1323003
In base 8, what is 10315 + 1031?
11346
In base 7, what is 0 + 363650524?
363650524
In base 3, what is -212 - 201022020211?
-201022021200
In base 6, what is 35514302 - 3?
35514255
In base 13, what is -46a3 + 159?
-4547
In base 14, what is -5 - -557b7?
557b2
In base 3, what is -1201022211122220 - -1?
-1201022211122212
In base 2, what is 110111111101100011010 + -101011110?
110111111100110111100
In base 4, what is 1113111 - 30021302?
-22302131
In base 2, what is 1100001110 - -1100000011101110?
1100001111111100
In base 12, what is -5892 - -563?
-532b
In base 13, what is -1529770 + 1?
-152976c
In base 8, what is 135 - -442626?
442763
In base 15, what is 679d95 + -4?
679d91
In base 4, what is -33202020103232 + 0?
-33202020103232
In base 13, what is -2 - 21c50c5?
-21c50c7
In base 2, what is -1001111000111111100 - 110?
-1001111001000000010
In base 9, what is 21747 - 427?
21320
In base 9, what is -2 + 205166032?
205166030
In base 12, what is -2915b0b + 4?
-2915b07
In base 3, what is 2 - 1020102102200202?
-1020102102200200
In base 14, what is 1030 + -1827b?
-1724b
In base 8, what is 1414340 + 257?
1414617
In base 15, what is 11516 + 90?
115a6
In base 5, what is -20034404411 - 4?
-20034404420
In base 11, what is -55 - -33561?
33507
In base 6, what is -110 + 2145110?
2145000
In base 2, what is 10001101110 + 1110001111101?
10000011101011
In base 3, what is -2120020212201110 + 11?
-2120020212201022
In base 15, what is 5 + 3d18629?
3d1862e
In base 6, what is -13 - -4153134131?
4153134114
In base 11, what is 1 - 652408?
-652407
In base 7, what is 6 - 13310300?
-13310261
In base 6, what is -5045022134 + -2?
-5045022140
In base 14, what is -546b - -13a?
-5331
In base 11, what is 31 - -447023?
447054
In base 6, what is -21 - 2423424355?
-2423424420
In base 2, what is -111001111001010111100001110 + -100?
-111001111001010111100010010
In base 14, what is -33 + -133a31?
-133a64
In base 15, what is 1771 - 283?
14dd
In base 7, what is 1111116 - -114?
1111233
In base 4, what is -10113021 - 110332?
-10230013
In base 14, what is 4 + 302997?
30299b
In base 8, what is -320 + -3550673?
-3551213
In base 2, what is -111101 + 111100110111011110?
111100110110100001
In base 10, what is -26186303 - 2?
-26186305
In base 2, what is 110000011011001101010 + 1011010110?
110000011100101000000
In base 2, what is -100 - -11100101110110111100?
11100101110110111000
In base 3, what is 10121111100112212 - 0?
10121111100112212
In base 4, what is 1 + -101033132?
-101033131
In base 8, what is -2642674 + 13?
-2642661
In base 3, what is -1211 + -10110011112?
-10110020100
In base 15, what is -211 - -2687?
2476
In base 13, what is a1 - 1158c?
-114bb
In base 9, what is 5115577 - -4?
5115582
In base 5, what is 0 - 14012404320?
-14012404320
In base 10, what is 2 - -7653566?
7653568
In base 3, what is 221101001 - -12010110?
1010